4) to base 14.
-16cd3
What is -3cd4 (base 14) in base 5?
-321040
-32341452 (base 7) to base 4
-22203123000
-20606c (base 13) to base 12
-305502
1147733 (base 8) to base 5
40042410
What is -11422141123 (base 5) in base 14?
-1b0a790
What is -12254135 (base 8) in base 16?
-29585d
-451cc (base 13) to base 10
-125566
Convert -8c44a3 (base 13) to base 15.
-459768
Convert -1042122143 (base 5) to base 2.
-1000110001111001101100
What is 5361e (base 15) in base 3?
111110000002
207563 (base 8) to base 15
158cb
What is 22210111332 (base 4) in base 16?
2a457e
What is -22202131130 (base 4) in base 12?
-b12878
-634156 (base 12) to base 8
-5753322
Convert -31012220 (base 7) to base 12.
-a4b845
What is -36a18 (base 11) in base 9?
-80802
-2554a (base 14) to base 15
-1c218
413257 (base 8) to base 16
216af
What is -cdd96e (base 15) in base 10?
-9816629
Convert 17cc00 (base 15) to base 12.
479646
121232012303 (base 4) to base 3
110200112220102
Convert -5341541 (base 10) to base 14.
-9d08a9
What is -304312012 (base 5) in base 14?
-245824
What is -8385055 (base 10) in base 13?
-1977793
What is 2335125 (base 9) in base 12?
50b205
-1e2e3 (base 15) to base 16
-180ea
What is -207105 (base 10) in base 11?
-131668
What is -887535 (base 11) in base 12?
-5831a0
-111010010101111 (base 2) to base 4
-13102233
Convert -47036257 (base 8) to base 3.
-201021012110211
Convert -200c56 (base 15) to base 13.
-41371b
What is 9369 (base 14) in base 7?
133662
What is 28011 (base 10) in base 14?
a2cb
Convert -3a0083 (base 12) to base 11.
-5a17a2
What is -220101222022 (base 3) in base 11?
-2a8a20
What is -20210220001 (base 3) in base 13?
-49030
-32a53 (base 11) to base 7
-256341
55e382 (base 15) to base 10
4098047
17c94 (base 15) to base 14
20145
Convert -10450695 (base 10) to base 3.
-201122221122210
What is -507a0 (base 14) in base 7?
-1434260
Convert 152564 (base 12) to base 10.
356764
What is 360853 (base 10) in base 12?
1549b1
What is 11001102220 (base 3) in base 11?
54a3a
-21230213222 (base 4) to base 5
-1122321213
Convert -48480 (base 13) to base 6.
-2501520
What is -5155612 (base 9) in base 7?
-32254553
Convert 1614243 (base 7) to base 12.
a8849
What is -54097c (base 13) in base 9?
-3635471
588787 (base 13) to base 7
23611411
-ddc8d (base 14) to base 8
-2031725
What is -2311121001 (base 4) in base 7?
-6213054
What is 5356556 (base 7) in base 11?
406690
Convert -116d8c (base 14) to base 8.
-2212660
What is -102220211211121 (base 3) in base 8?
-30124653
Convert -122525 (base 7) to base 4.
-11200133
452693 (base 13) to base 12
669395
What is -3c7924 (base 14) in base 13?
-584a2b
What is 2000020110222 (base 3) in base 15?
1614db
What is -504563 (base 7) in base 13?
-30011
2381130 (base 9) to base 6
43415430
What is 10200112112020 (base 3) in base 15?
28a78c
716355 (base 9) to base 8
1475173
Convert 921228 (base 10) to base 16.
e0e8c
Convert 25101256 (base 8) to base 6.
314413034
6911a2 (base 11) to base 5
240142024
What is -102331143 (base 5) in base 3?
-211000101002
What is 20b8976 (base 13) in base 4?
212012032213
What is 5a5a4 (base 11) in base 10?
87234
What is -14ccd (base 14) in base 12?
-26071
-1215748 (base 9) to base 10
-660356
-21610361 (base 7) to base 5
-434240133
What is -2485304 (base 10) in base 16?
-25ec38
24040321 (base 5) to base 14
5a93a
-10221220220121 (base 3) to base 12
-855aba
Convert -1002200021001 (base 3) to base 9.
-1080231
Convert -2858725 (base 10) to base 5.
-1212434400
Convert 21201202210 (base 3) to base 6.
3132333
Convert -e9775 (base 15) to base 16.
-b4dca
1a8a158 (base 11) to base 5
1344401233
-111784 (base 11) to base 2
-101011011100101010
Convert -1101111011010110011000 (base 2) to base 11.
-2074032
4425245 (base 9) to base 13
653a68
Convert -133322103 (base 4) to base 6.
-2445043
3411226 (base 10) to base 9
6368281
What is 3330259 (base 11) in base 14?
ac1065
-12011111120202 (base 3) to base 13
-751a75
Convert -2050064 (base 8) to base 3.
-1000200100112
-3200045 (base 6) to base 10
-155549
What is 1145431 (base 7) in base 14?
3b2c1
What is 35a11 (base 11) in base 3?
2122001112
c43685 (base 14) to base 7
110146525
-10100000100100100 (base 2) to base 7
-461454
Convert -141582 (base 10) to base 8.
-424416
What is 222031221231 (base 4) in base 7?
163026201
-8074057 (base 9) to base 10
-4300423
What is -1399548 (base 12) in base 8?
-17006310
What is -1261077 (base 8) in base 3?
-122220222211
1011001011011011 (base 2) to base 6
551551
What is 10646066 (base 8) in base 15?
30a630
What is 14863 (base 15) in base 2?
10000000111100010
Convert 12310140310 (base 5) to base 2.
111000111100011011011100
What is -440443302 (base 5) in base 6?
-104304032
Convert 138746 (base 10) to base 14.
387c6
Convert -1b6ba (base 16) to base 4.
-123122322
10111211012012 (base 3) to base 13
504689
Convert -1110010101101011110111 (base 2) to base 12.
-1313307
Convert -14033122 (base 7) to base 8.
-4757644
6e6ba (base 15) to base 8
1260415
Convert 68c42 (base 15) to base 14.
89784
What is 6237b (base 16) in base 9?
672758
Convert 2a60480 (base 11) to base 13.
1117008
a0236 (base 15) to base 4
1323231333
What is 9c888 (base 15) in base 16?
79985
Convert -3331302310 (base 4) to base 11.
-650027
Convert -288a879 (base 12) to base 11.
-4664a98
434153 (base 7) to base 5
4412030
1656421 (base 11) to base 5
1210211230
Convert 155756 (base 8) to base 11.
39334
Convert 100010110110100010 (base 2) to base 6.
3020522
-110010111010100000 (base 2) to base 5
-23133134
What is 11014232 (base 6) in base 13?
b68a9
5525122 (base 7) to base 6
22314514
What is 34459 (base 11) in base 5?
3043140
18360 (base 16) to base 6
2043040
Convert -24b3c (base 16) to base 10.
-150332
Convert 163559 (base 11) to base 14.
68595
Convert 91076 (base 14) to base 13.
c288a
What is -7375673 (base 8) in base 14?
-392163
Convert -46003435 (base 7) to base 16.
-3d0e25
What is -2e4529 (base 15) in base 4?
-20203121310
105763 (base 8) to base 12
18897
Convert 25345 (base 8) to base 5.
322411
Convert -240365 (base 7) to base 8.
-124624
What is 344c4 (base 13) in base 4?
113101023
What is -11244301 (base 5) in base 16?
-192a4
What is -2364178 (base 9) in base 7?
-13620650
-32822b (base 16) to base 11
-1960a43
Convert -355530 (base 10) to base 2.
-1010110110011001010
What is -45e0 (base 15) in base 4?
-3213303
Convert -101110110111011001 (base 2) to base 8.
-566731
1112034 (base 7) to base 10
137568
What is -100001100100000111001 (base 2) in base 7?
-12230340
200301233 (base 4) to base 16
20c6f
-111000100110011 (base 2) to base 13
-10262
231a89 (base 11) to base 16
5a017
Convert 15437314 (base 9) to base 16.
7583a4
6657756 (base 8) to base 13
4aa774
What is -10212100 (base 3) in base 11?
-2131
-1450440 (base 6) to base 15
-1a023
What is -33cc7 (base 13) in base 11?
-64a78
Convert -2ba9e (base 16) to base 15.
-37ed1
13310312 (base 4) to base 12
16672
53eac5 (base 15) to base 7
45662150
1440032124 (base 5) to base 13
a41558
112928 (base 10) to base 11
77932
What is 232334 (base 5) in base 13?
3b16
-16a53 (base 11) to base 7
-126444
What is -ab3b12 (base 12) in base 10?
-2723198
-23111200 (base 5) to base 13
-7331c
What is -10110010011111100 (base 2) in base 6?
-1543032
Convert 11121122223 (base 4) to base 6.
50154043
-1542401 (base 6) to base 5
-10410142
103064160 (base 7) to base 16
5d9771
62126 (base 7) to base 16
3b39
What is -12233041141 (base 5) in base 10?
-14737046
What is 16778a5 (base 13) in base 11?
4117098
What is 112422020 (base 5) in base 14?
d5470
67463a (base 11) to base 7
12064531
Convert -761010 (base 10) to base 12.
-308496
What is 31c1a (base 14) in base 6?
2325132
291033 (base 10) to base 3
112210020000
What is -14141624 (base 7) in base 16?
-1428f5
Convert 1110002102220 (base 3) to base 10.
769416
1063183 (base 10) to base 3
2000000102011
-113111032 (base 4) to base 11
-65889
Convert -12430b5 (base 13) to base 11.
-32372a1
-186278 (base 9) to base 14
-30480
Convert 2585 (base 13) to base 14.
1d40
What is 100111010100000001111 (base 2) in base 7?
13643464
What is 522013 (base 8) in base 6?
3413123
-24565016 (base 7) to base 6
-115311455
-33224020 (base 5) to base 8
-1064754
-635013 (base 9) to base 14
-9b89c
What is 12130200032 (base 4) in base 11?
a54483
What is 5851266 (base 9) in base 15?
427453
Conve